hat is the units digit of v(-3)?
3
Let u(v) = v + 16. Let r be u(-14). Let p(q) = 14*q - 3. What is the units digit of p(r)?
5
Suppose -g = -3*f + 259, f + 44 - 135 = -2*g. What is the units digit of f?
7
Let v(w) = -1 + 6 + 10 + 2*w. What is the tens digit of v(7)?
2
Let k = 22 - 32. Let s(b) = -2*b - 11. What is the units digit of s(k)?
9
Suppose -j = -3*k + j + 56, -64 = -5*k - 4*j. Suppose 3 = 2*u - 3. Suppose u*m = 5*m - k. What is the units digit of m?
8
Suppose 2*h - 720 = 4*p, -10*p = -3*h - 6*p + 1080. What is the tens digit of h?
6
Let n be 6/(-4)*(-4)/3. Let v be n + 3/(-3) + 0. What is the units digit of 3 + -6 - -11*v?
8
Let d = -80 + 115. What is the units digit of d?
5
Let u = -11 - -8. Let i = u + 16. What is the tens digit of i?
1
What is the tens digit of -4 + (0 - -16*1)?
1
Let o be ((-2)/6)/((-1)/3). Let n be (10/(-4))/(o/(-2)). Suppose -n*p + 2*x + 21 = -2*x, 1 = x. What is the units digit of p?
5
Let k(x) = 15*x**2 - 3. What is the units digit of k(-3)?
2
Let k(r) = r + 2. Let g be k(3). Let f(m) = -m**2 + 7*m + 4. What is the units digit of f(g)?
4
Suppose 3*w + 47 = 4*w. Let s = w - 20. What is the tens digit of s?
2
Suppose 0 = -2*x + 3*u - 5, -2*x + 7*u - 3*u - 10 = 0. Let n = 4 + x. Suppose q + 2*v = n, 2*v - 27 = -5*q - 2*v. What is the units digit of q?
3
Suppose -6 = 3*d, b - d - 3 = 2*d. Let i be (-14)/(-2) + 1/1. Let c = i + b. What is the units digit of c?
5
Let v be 4/(-6)*(-3 + 6). Let w be -1*(-4 + v) + -1. Suppose w*j - 45 = -0*j. What is the units digit of j?
9
What is the tens digit of 1*65/(-15)*-15?
6
Let g(j) = -6*j**3 - 2*j**2 + 2*j + 1. What is the tens digit of g(-2)?
3
Let z(g) = 4*g**2 - g + 1. Let d be z(2). Let o be d/(-13) - 6/(-39). What is the units digit of ((-22)/10)/(o/5)?
1
Suppose -10*l + 1820 = -0*l. What is the units digit of l?
2
Let s(o) = 23*o**2 + 2*o - 1. What is the tens digit of s(2)?
9
Let q(t) = 3*t - 3*t**2 + 3*t + t**3 + 2 + t**3 - 3*t**3. What is the units digit of q(-5)?
2
Let p be 1 + -1 - (1 + 0). Let s be p/((-3)/2 + 1). Suppose -6 = -y - s*y. What is the units digit of y?
2
Suppose -14 = -5*d + 21. Let p = -4 + d. What is the units digit of p?
3
Let q = -8 - -17. What is the units digit of q?
9
Suppose c = -3*z - c + 14, -z = -5*c - 33. Let k(q) = 2*q. Let g be k(z). Suppose a = d + 8, -4*a - 4*d + g = -2*a. What is the units digit of a?
8
Let j be (0 + -2)*(-50)/20. Let x(n) = -n**2 + n + 1. Let z(q) = 2*q**2 + 2*q - 4. Let a(v) = -3*x(v) - z(v). What is the units digit of a(j)?
1
Suppose 24 = 2*p + 2. Let u = 16 - p. Suppose -2*c + 3*t - 6 = 0, 0*t - t = -3*c + u. What is the units digit of c?
3
Let i(z) = -z**3 + 3*z**2 + 3*z + 9. Let g(o) = o**3 - 2*o**2 - 3*o - 10. Let p(y) = 2*g(y) + 3*i(y). What is the units digit of p(5)?
2
Suppose 0 = -2*m + 4*m - 82. What is the tens digit of m?
4
Suppose 3*y + 4*n + 3 = 0, y + 6 = -4*n + n. Suppose -x - 66 = -2*p + y*x, -96 = -2*p - 2*x. What is the tens digit of p?
4
What is the hundreds digit of (8/(-10))/(((-4)/685)/2)?
2
What is the units digit of (-4 + -2)/(-3) - -145?
7
Suppose -2*c = -5*q - c, 0 = -4*q + 2*c. Suppose 2*l = -3*l - y - 4, 3*y - 4 = l. What is the units digit of 1 - (1 - (q - l))?
1
Suppose -4*c = -1 - 7. Suppose 0 = -3*q - c*b + 2, 3*q + 3*b - 1 = -4. Suppose -q*r + 3*o - 9 + 54 = 0, -2*r + 29 = 5*o. What is the tens digit of r?
1
Let i = -391 - -691. What is the hundreds digit of i?
3
Let b(q) be the first derivative of -9/2*q**2 + 3 - 5*q - 7/3*q**3 - 1/4*q**4. What is the units digit of b(-6)?
3
Suppose 0 = 3*y - 5*j, y - 3*j = 2 + 2. Let k = 8 - y. What is the units digit of k?
3
Let x(q) = -6*q. Let t be x(-1). Suppose p - 2 = -z, 0 = -3*z + p - 0 - t. What is the units digit of -7*(1 + -1 + z)?
7
Let x(j) = -j + 8. Let u(w) = w**2 - 4*w. Let v be u(4). What is the units digit of x(v)?
8
Let c(b) = -b**2 - 4*b - 1. Let l be c(-3). Suppose -l*x - 4*q + q = -82, 41 = x - 5*q. Suppose -1 - x = -3*o. What is the units digit of o?
4
Let f(z) = z**3 + 5*z**2 + 2*z - 4. Let v be f(-4). Suppose -v*j = 3*o + 2*o + 21, 3*j + 3*o = -15. Let r = j + 17. What is the units digit of r?
3
Suppose -2*m = 3*h - 13 + 3, -m = -2. Suppose h*v + 3*v - 30 = -u, -48 = -4*u + 4*v. What is the units digit of u?
5
Let r(j) = -5*j + 4. Let f(i) = 2*i + 14. Let y be f(-9). What is the units digit of r(y)?
4
What is the units digit of 44/(30/12 - 2)?
8
Let t(v) = 6*v**2 - 4*v - 15. What is the hundreds digit of t(5)?
1
Let w(o) = 4*o + 40. What is the tens digit of w(12)?
8
Let y be 8/(-6)*-1*36. Let q = 75 - y. What is the units digit of q?
7
Suppose -2*o - 2*o + 20 = -4*y, o = 3*y + 9. Let w(u) be the third derivative of -u**6/120 - u**4/12 - u**3/2 - 2*u**2. What is the units digit of w(y)?
9
Let r = -5 + 7. Let i = r + -2. Suppose 3*k + i*k = 21. What is the units digit of k?
7
Let t = -80 + 143. Suppose -4*k + t = -4*i + 211, -4*i - k + 133 = 0. What is the units digit of i?
4
Let l be (1/1)/(4/32). Suppose 4*t - l*t + 16 = 0. Suppose t*i - 18 = 14. What is the units digit of i?
8
Let a(n) = -n**2 - 3*n + 5. Let v be a(-4). Let q = v + 1. Suppose q = p + 1. What is the units digit of p?
1
Suppose -11 + 3 = 4*z, y + 6 = -4*z. What is the units digit of 15*y*1/2?
5
Suppose 0 = 3*i + 2*i - 25, -33 = -3*g - 3*i. Suppose -2*l - g*c = -2*c - 42, -12 = -3*c. What is the units digit of l?
3
Suppose 2*u + 3 = -r, -5*r + 53 - 13 = -u. What is the units digit of r?
7
Let y = 3 - -14. What is the tens digit of y?
1
Let b = -53 - -88. What is the tens digit of b?
3
Let x(s) = -2*s**2 - 7*s + 1. Let f(q) = -2*q**2 - 8*q. Let t(y) = 3*f(y) - 4*x(y). What is the tens digit of t(-4)?
1
Let k(o) = 11*o**2 - o + 1. Let t = -2 - -5. Suppose -3*n + t*h + 6 = 2*h, 5*n + 2*h = -1. What is the tens digit of k(n)?
1
Suppose 0 = v - 0*v. Suppose -h = -2*h. Suppose -2*b + 4*g - 4 = -h*b, -2*b + 2*g = v. What is the units digit of b?
2
Let f(n) = -2*n - 10. What is the units digit of f(-6)?
2
What is the tens digit of (2 - -17) + 10 + -7?
2
Let c(v) = v**3 + 2*v**2 - 3*v - 3. Let h(p) = p - 1. Let b be h(2). Let i(o) = -o**3 - 2*o**2 + 1. Let w be i(b). What is the units digit of c(w)?
3
Let d(n) = -n**3 + 9*n**2 - 9*n + 2. Let l be d(8). Let x = -3 - l. Suppose -4*i + 1 = -x. What is the units digit of i?
1
Let f(t) be the second derivative of t**5/20 + 3*t**4/4 + 4*t**3/3 - 7*t**2/2 - t. Let l be f(-8). Let m = -3 - l. What is the units digit of m?
4
Suppose 5*o = -2*k - 35, -o = -0*k + 4*k + 25. Let l(x) = 2*x + 6. Let g be l(o). What is the units digit of (-23)/(-4) + (-1)/g?
6
Let s(k) be the second derivative of k**5/20 - k**4/3 - 2*k**3/3 + k**2/2 + k. What is the units digit of s(5)?
6
Suppose -5*v + 84 = -v. Let f = 4 + v. What is the units digit of f?
5
Let q(u) be the third derivative of -u**5/60 + u**4/3 - 5*u**3/6 - u**2. What is the units digit of q(6)?
7
Let y = -13 - -38. Suppose j - y = c - 5*c, 4*c + 5*j - 45 = 0. Let b = 12 + c. What is the units digit of b?
7
Let s(v) = -v + 18. Let n = -20 - -20. What is the tens digit of s(n)?
1
Suppose 7*j - 4*s - 371 = 2*j, 3*s = -4*j + 303. What is the units digit of (6/(-10))/((-3)/j)?
5
Let d(o) be the third derivative of -1/24*o**4 + 0 + 1/3*o**3 + 0*o + 2*o**2. What is the units digit of d(0)?
2
Let y = 70 + 132. What is the tens digit of y?
0
Let g = -63 + 110. What is the units digit of g?
7
Let a = -180 - -350. What is the units digit of a?
0
Suppose 24 = -0*q - 2*q. Let h be q/(-2)*(-9)/(-2). What is the tens digit of (-6)/h + 101/9?
1
Suppose -5*u - 7*u = -372. What is the tens digit of u?
3
Suppose -3*p = a - 8, -2*a - 3*a = 5*p - 40. What is the units digit of (-2)/((-12)/9)*a?
2
Let v = 10 - 7. Let u = v - -10. What is the units digit of u?
3
Suppose a + 3*g = 164, 4*a = g + 4*g + 724. What is the units digit of a?
6
Let k be 0/(4 + (0 - 2)). Let t(v) = -v**3 - v**2 + v + 8. Let p be t(k). Suppose 4*z + p - 34 = -2*a, -4*a + 32 = 3*z. What is the units digit of z?
4
Suppose -85 = 5*b - 480. What is the units digit of b?
9
Suppose -10*a + 8 = -6*a. What is the units digit of 12*2/3 + a?
0
Suppose 0 = -u - z + 38, -z = -u - 0*u + 38. What is the tens digit of u?
3
Suppose 2*v = 5*m + 20, -v = v - 2*m - 14. Suppose -4*p = -v*p + 9. What is the units digit of p?
9
Suppose -p + 2*